hest common divisor of 41 and p.
41
Suppose 0 = -3*r - 794 + 1811. What is the greatest common factor of 791 and r?
113
Let j = -2661 + 3134. Calculate the highest common divisor of j and 187.
11
Let g(l) = 4*l**3 + 3*l**2 + 7*l - 7. Let m be g(3). Suppose 0 = 153*s - m*s - 92. Calculate the greatest common divisor of 207 and s.
23
Suppose -544 = -4*f - 2*g, -51*f = -52*f - 5*g + 145. Let j = 34 + -19. What is the highest common divisor of j and f?
15
Suppose -2*o = o - 216. Let k be (2 - 20/6)/(287/12054). Let u = o + k. What is the greatest common factor of 16 and u?
16
Let o be 19 - (-10)/(15/(-3)). Let b be (-56)/(-21)*18/(-8). Let n(h) = -13*h - 27. Let i be n(b). What is the greatest common divisor of i and o?
17
Let b be (-4 - (-8 - -3))/(37/5624). What is the greatest common factor of b and 437?
19
Let d(u) = -u**3 - 8*u**2 - 25*u - 64. Let m be d(-9). Calculate the greatest common divisor of 198 and m.
22
Suppose 3*s - 104*z = -108*z + 136, 4*s - 7*z - 21 = 0. Let j = 6 + 36. Calculate the greatest common divisor of s and j.
14
Let w = -37674 + 58788. Let q be 1/(-4)*-2 - w/(-92). What is the greatest common divisor of 5 and q?
5
Suppose 5*t - 2*m + 6*m = 467, 0 = -3*t + 4*m + 325. What is the highest common divisor of 5973 and t?
33
Let t(g) = -291*g - 1976. Let x be t(-7). Calculate the highest common divisor of x and 2989.
61
Let t(b) = -3*b - 9. Let y = 4 - 9. Let q be t(y). Let i be 1/(3 - q - -4). Calculate the greatest common divisor of 3 and i.
1
Suppose -16 = -2*n + 3*f - f, -2*n + 5*f + 19 = 0. Let u be 353 - n*10/35. What is the greatest common factor of u and 13?
13
Let k be 100 + -14 + 13 + 0. What is the highest common divisor of 924 and k?
33
Let m(o) = -51*o**2 - 10*o - 55. Let c be m(-5). Let s = -653 - c. What is the greatest common factor of s and 171?
57
Let v = 3074 - -256. What is the highest common factor of v and 9?
9
Let m(x) be the first derivative of -25*x**2/2 - 38*x + 9. Let j be m(-2). Calculate the highest common factor of 12 and j.
12
Let u(f) = 10*f - 27. Let r be u(3). Let t(l) = l**3 - 8*l**2 + 18*l - 4. Let h be t(r). Let p = -31 - -46. Calculate the highest common factor of h and p.
5
Suppose -5*c + 239 = m, 15*m = 10*m - 4*c + 1132. Calculate the highest common factor of m and 272.
16
Let n be 194 + 240/300 + (-2)/(-10). What is the greatest common divisor of n and 936?
39
Let m be (-1315)/(-526) + (3958/20 - (-6)/(-15)). Let l be (-100)/(-15)*(0 - -6). Calculate the highest common factor of l and m.
40
Let n(h) = 2*h**2 - 16*h - 28. Let d be n(10). Suppose -1104 = -8*u + 4*u. Calculate the highest common divisor of d and u.
12
Suppose -86 = -5*c + 94. Let j = c + -34. Suppose -5*d = -5*s - 1095, 655 = -0*d + 3*d - j*s. What is the highest common factor of 31 and d?
31
Let p be (-2)/1*(15/(-5) + 2). Suppose -6 = -p*h + 18. What is the highest common factor of 36 and h?
12
Suppose 3*b - 59 = -50. Suppose b*j - 4*u - 606 = j, 0 = 2*u + 6. What is the highest common factor of j and 11?
11
Let m = -136 - -152. Let n be ((-3)/(-8))/(18/m - 1). Calculate the greatest common divisor of 4 and n.
1
Let u = -129 + 131. Suppose 3*g + 1 = -u*j + 29, 3*g = -j + 17. Calculate the greatest common divisor of 176 and j.
11
Let h be (-46 - -56) + (-4 - 1). Let k(v) = -2*v - 1. Let q be k(-2). Suppose -s = 3 - h, -2*p - q*s + 24 = 0. What is the greatest common factor of p and 1?
1
Let a = -1259 - -406. Let m = a - -965. Let t = -4 + 11. What is the highest common divisor of m and t?
7
Suppose 2*q = -11*q + 12*q + 81. Calculate the highest common divisor of q and 21.
3
Suppose 2 = -2*c, -3*x + 0*c + 3*c + 237 = 0. Let n = -7938 + 8211. Calculate the highest common divisor of x and n.
39
Suppose 29*h - 544 = -5*h. Suppose 0 = 4*q - 13 + 1. Suppose 0 = j - 0*p + q*p - 129, 2*j + 2*p = 278. Calculate the greatest common divisor of h and j.
16
Let s be 10 - (3 + -6) - (-4)/1. Let f be (-4)/1 - 846/18. Let k = 102 + f. Calculate the greatest common factor of s and k.
17
Let l be (-212)/(-954) + 0 + 104/18. What is the greatest common divisor of l and 7860?
6
Suppose -3*u + 6*v + 9 = 3*v, 6 = 3*v. Let t be (5 - -13)*(6 - u). Calculate the highest common factor of 306 and t.
18
Let m = 4601 - 3884. What is the highest common factor of 3 and m?
3
Let o(k) = -46*k**2 + 7314*k + 38. Let p be o(159). Suppose 6*q - 3*q = z - 6, -4*q = 0. Calculate the highest common factor of z and p.
2
Suppose -3*r - h + 2337 = -1839, -3*r - 3*h = -4164. What is the greatest common divisor of 656 and r?
82
Suppose 0 = 108*v - 3778 - 14725 + 791. Calculate the greatest common divisor of 7093 and v.
41
Suppose -274*o = -867 - 2421. What is the greatest common factor of o and 5052?
12
Let l(t) = -t**2 - 5*t + 3. Let y be l(-3). Let k = 27622 - 27523. Calculate the greatest common factor of k and y.
9
Suppose 0 = 5*g - p - 1842, 4*p - 271 = -2*g + 479. Calculate the highest common divisor of 1189 and g.
41
Let d be (-80)/6*-9*(-9 + 411/45). Calculate the highest common divisor of d and 5.
1
Let y(f) = -56*f - 16. Suppose 2*b = 0, -5*d - 25 = -4*b - 0*b. Let o be y(d). Suppose -o = -2*j + 222. Calculate the highest common divisor of j and 27.
27
Suppose -5*f + 48 = -37. Let w = 25 + -29. Let k be (56/w + 3)*-17. What is the highest common divisor of k and f?
17
Suppose z + 150*a - 8 = 149*a, 5*z - 6*a - 40 = 0. Let m = 37 - -4. Let v = -17 + m. What is the highest common factor of v and z?
8
Let w(z) = -13*z**3 + 11*z**2 + 16*z + 13. Let x be w(-2). What is the highest common factor of x and 817?
43
Let q be (-28 + 16)*(-25 - 1). What is the greatest common divisor of q and 11466?
78
Let h be (-2)/(-5)*(-130)/(-26). Suppose h*o + 10 = 3*a + 114, 3*o = a + 142. Calculate the highest common divisor of o and 115.
23
Suppose 0 = 6*r - 0*r - 480. Suppose 6*l - 306 = 6. Suppose 4*p - 48 = -4*v, -4*p = -4*v - 28 - l. What is the greatest common factor of p and r?
16
Let b = 1338 - 799. Let i = b + -129. Suppose 3*d = 5*d - i. Calculate the highest common divisor of d and 82.
41
Suppose 4*c = -643 - 1277. Let m = 481 + c. Let b(y) = -y**3 - 6*y**2 - 3*y - 9. Let a be b(-6). Calculate the highest common factor of m and a.
1
Suppose 0 = -126*j - 84675 + 522399. What is the greatest common divisor of j and 36?
18
Suppose 85*z + 31*z - 14310 = -43*z. Calculate the highest common factor of z and 1.
1
Suppose 0 = 156*m - 147*m - 27. Suppose 0 = 3*h - m*u - 435, 9*u - 8*u = -h + 135. Calculate the greatest common divisor of 20 and h.
20
Suppose -5*t - 9*f + 10*f = -29564, -17735 = -3*t + 4*f. What is the greatest common divisor of 162 and t?
81
Let c be (-72)/27*(-99)/12. Let s be (11 - (-30)/18)*(0 - -33). Calculate the greatest common factor of c and s.
22
Let i be (126 - 1)/(-5 - -6). Let y(c) = 2*c - 2*c**2 + c - 4 - 3*c**3 + 0*c. Let r be y(-3). Calculate the highest common factor of r and i.
25
Suppose 4*o - 7*o = 2*j + 404, 0 = 2*o - j + 281. Let n be ((-92)/o)/(2/210). What is the greatest common factor of 20 and n?
10
Suppose -2849 + 9436 + 3241 = 39*j. Calculate the greatest common divisor of 812 and j.
28
Suppose 46 = -3*y + 184. Let w = -2 + y. Suppose -536 - 234 = -7*x. What is the highest common factor of x and w?
22
Suppose -3*q - 24 = -c - 0, 5*c + 4*q - 25 = 0. Let b(j) = 8*j**2 - 2*j - 6. Let f = -610 - -607. Let a be b(f). What is the greatest common divisor of a and c?
9
Suppose -308 = -6*q - 104. Calculate the greatest common divisor of 8942 and q.
34
Let a be (18/(-8))/((-38)/8968). Calculate the greatest common factor of a and 1888.
59
Let p(r) = -r**2 + 132*r - 1517. Let g be p(119). What is the highest common divisor of g and 3558?
6
Let g(z) = 22*z**2 - 17*z - 211. Let y be g(-12). Calculate the greatest common divisor of 29 and y.
29
Suppose -6*o + 333 + 955 = 22*o. What is the highest common divisor of 4577 and o?
23
Suppose 3*d + 2*d = 4*o + 1338, 0 = -d + 2*o + 264. Suppose 11*v = 16*v - d. Calculate the greatest common factor of 6 and v.
6
Suppose -1255 = -26*r + 31*r. Let n = 344 + r. Calculate the highest common divisor of 124 and n.
31
Suppose -2*p = -12*j + 14*j + 16, 0 = 4*p. Let s be (10/j)/(2/(-56)). Calculate the greatest common divisor of s and 10.
5
Suppose -5*t - 10 = 0, 2*s + 18*t - 100 = 20*t. What is the greatest 